?
True
Is 3800 a multiple of 76?
True
Is 1836 a multiple of 54?
True
Is 18 a factor of 14022?
True
Is 81549 a multiple of 13?
True
Does 13 divide 702?
True
Is 652 a multiple of 2?
True
Is 56 a factor of 3626?
False
Does 118 divide 275?
False
Is 1144 a multiple of 11?
True
Is 120 a multiple of 10?
True
Is 5 a factor of 8293?
False
Is 27 a factor of 17914?
False
Does 10 divide 422?
False
Does 18 divide 3317?
False
Is 32 a factor of 928?
True
Is 34524 a multiple of 252?
True
Does 159 divide 8745?
True
Is 18763 a multiple of 30?
False
Is 262 a factor of 67545?
False
Is 5 a factor of 29834?
False
Does 12 divide 26314?
False
Does 12 divide 397?
False
Is 5 a factor of 275?
True
Does 4 divide 134?
False
Does 35 divide 148?
False
Is 116 a factor of 23170?
False
Is 26 a factor of 1534?
True
Is 72 a factor of 1420?
False
Is 30 a factor of 8209?
False
Is 58 a factor of 11715?
False
Does 30 divide 8679?
False
Is 17 a factor of 2960?
False
Is 13 a factor of 540?
False
Is 21 a factor of 279?
False
Is 193 a multiple of 6?
False
Is 122 a factor of 16836?
True
Does 76 divide 11425?
False
Is 2289 a multiple of 90?
False
Is 14 a factor of 16785?
False
Does 15 divide 6480?
True
Is 10 a factor of 212?
False
Is 363 a multiple of 10?
False
Does 6 divide 6326?
False
Is 4939 a multiple of 3?
False
Is 73005 a multiple of 155?
True
Does 20 divide 27760?
True
Is 3752 a multiple of 14?
True
Is 17 a factor of 952?
True
Is 35 a factor of 441?
False
Is 255 a multiple of 22?
False
Is 1080 a multiple of 12?
True
Is 1155 a multiple of 55?
True
Does 8 divide 1927?
False
Is 86 a factor of 54162?
False
Does 18 divide 42770?
False
Is 1020 a multiple of 12?
True
Does 21 divide 882?
True
Does 7 divide 206?
False
Does 17 divide 476?
True
Is 21 a factor of 3453?
False
Is 1439 a multiple of 19?
False
Is 45670 a multiple of 37?
False
Is 7732 a multiple of 7?
False
Is 6768 a multiple of 144?
True
Does 9 divide 170626?
False
Is 55 a factor of 1134?
False
Is 695 even?
False
Is 17200 a multiple of 18?
False
Does 8 divide 312?
True
Does 94 divide 3574?
False
Does 14 divide 1148?
True
Is 59 a factor of 5369?
True
Is 1233 a multiple of 18?
False
Does 157 divide 2826?
True
Is 38 a factor of 3344?
True
Is 25 a factor of 598?
False
Is 2189 a multiple of 4?
False
Is 112 a factor of 2820?
False
Is 851 a multiple of 64?
False
Is 11676 a multiple of 152?
False
Is 468 a multiple of 13?
True
Does 5 divide 1364?
False
Is 28 a factor of 1120?
True
Is 6006 a multiple of 91?
True
Is 28738 a multiple of 19?
False
Does 2 divide 7858?
True
Does 52 divide 4888?
True
Does 16 divide 1558?
False
Does 10 divide 13000?
True
Is 15266 a multiple of 17?
True
Is 5 a factor of 27?
False
Is 274 a factor of 126588?
True
Is 17 a factor of 323?
True
Does 32 divide 33024?
True
Is 157 a multiple of 8?
False
Does 70 divide 5961?
False
Does 46 divide 8920?
False
Is 19 a factor of 4207?
False
Is 72 a factor of 12312?
True
Does 3 divide 14?
False
Does 6 divide 13698?
True
Is 30049 a multiple of 117?
False
Does 246 divide 26755?
False
Is 2 a factor of 2699?
False
Does 15 divide 107?
False
Does 9 divide 945?
True
Does 43 divide 49523?
False
Does 28 divide 8862?
False
Is 4 a factor of 520?
True
Does 56 divide 1495?
False
Is 3413 a multiple of 95?
False
Does 13 divide 671?
False
Is 2645 a multiple of 57?
False
Does 9 divide 180?
True
Is 9 a factor of 45528?
False
Does 6 divide 509?
False
Is 328 a multiple of 10?
False
Is 1341 a multiple of 10?
False
Does 66 divide 6093?
False
Is 201 a multiple of 11?
False
Is 5 a factor of 41874?
False
Is 175 a multiple of 3?
False
Is 17006 a multiple of 66?
False
Does 6 divide 6437?
False
Is 2430 a multiple of 18?
True
Is 41 a factor of 9758?
True
Is 18 a factor of 956?
False
Is 26 a factor of 41548?
True
Is 980 a multiple of 10?
True
Is 205 a multiple of 41?
True
Does 25 divide 53350?
True
Is 872 a multiple of 10?
False
Does 57 divide 1308?
False
Does 57 divide 5187?
True
Does 20 divide 2200?
True
Does 158 divide 55362?
False
Is 382 a multiple of 41?
False
Is 5 a factor of 3098?
False
Does 4 divide 68?
True
Is 81 a factor of 9069?
False
Is 605 a multiple of 17?
False
Does 13 divide 2691?
True
Is 72160 a multiple of 16?
True
Is 228 a multiple of 19?
True
Does 63 divide 882?
True
Does 10 divide 1030?
True
Is 6 a factor of 19098?
True
Is 3 a factor of 466?
False
Is 42 a factor of 25996?
False
Is 51900 a multiple of 405?
False
Is 728 a multiple of 8?
True
Is 69065 a multiple of 96?
False
Is 468 a multiple of 117?
True
Is 186 a multiple of 15?
False
Is 5505 a multiple of 15?
True
Does 79 divide 2973?
False
Does 135 divide 31845?
False
Does 14 divide 952?
True
Is 27 a factor of 8987?
False
Is 21320 a multiple of 82?
True
Is 420 a multiple of 14?
True
Is 18 a factor of 11592?
True
Is 112 a factor of 2464?
True
Does 210 divide 7140?
True
Does 27 divide 648?
True
Does 13 divide 3372?
False
Is 52 a factor of 21474?
False
Is 7168 a multiple of 18?
False
Is 45 a factor of 4716?
False
Is 4 a factor of 10176?
True
Does 39 divide 429?
True
Is 3 a factor of 480?
True
Is 253 a factor of 15929?
False
Is 16 a factor of 2067?
False
Is 101 a multiple of 2?
False
Is 266 a multiple of 14?
True
Is 116 a factor of 51620?
True
Is 33 a factor of 9537?
True
Does 15 divide 44870?
False
Is 2231 a multiple of 45?
False
Is 45828 a multiple of 114?
True
Does 43 divide 2451?
True
Is 1034 a multiple of 7?
False
Is 910 a multiple of 7?
True
Is 102 a multiple of 17?
True
Is 2760 a multiple of 120?
True
Is 14910 a multiple of 15?
True
Is 12 a factor of 1252?
False
Is 40406 a multiple of 62?
False
Is 1298 a multiple of 108?
False
Does 14 divide 739?
False
Is 34 a factor of 3196?
True
Is 194 a factor of 44038?
True
Is 10 a factor of 190?
True
Is 32 a factor of 5792?
True
Does 6 divide 488?
False
Is 7 a factor of 1029?
True
Is 742 a multiple of 53?
True
Is 71 a factor of 1984?
False
Is 5740 a multiple of 82?
True
Is 9 a factor of 1224?
True
Does 13 divide 3273?
False
Is 1357 a multiple of 23?
True
Is 884 a multiple of 34?
True
Is 4 a factor of 2592?
True
Does 29 divide 69484?
True
Is 19 a factor of 19?
True
Is 1134 a multiple of 11?
False
Is 36 a factor of 1142?
False
Is 145 a factor of 16651?
False
Is 868 a multiple of 61?
False
Is 4 a factor of 33?
False
Does 53 divide 159?
True
Is 17 a factor of 40240?
False
Does 93 divide 9672?
True
Does 44 divide 1584?
True
Is 12 a factor of 1123?
False
Does 8 divide 1936?
True
Does 5 divide 6020?
True
Does 13 divide 7514?
True
Does 2 divide 300?
True
Is 5283 a multiple of 3?
True
Does 19 divide 798?
True
Is 9059 a multiple of 65?
False
Is 53 a factor of 3455?
False
Is 1200 even?
True
Is 924 a multiple of 275?
False
Is 33 a factor of 15785?
False
Is 170 a multiple of 28?
False
Does 5 divide 2370?
True
Does 166 divide 17264?
True
Does 196 divide 2156?
True
Does 80 divide 320?
True
Does 66 divide 4962?
False
Does 9 divide 652?
False
Does 93 divide 72990?
False
Does 14 divide 13258?
True
Is 1884 a multiple of 4?
True
Does 335 divide 143380?
True
Does 25 divide 2808?
False
Is 2750 a multiple of 71?
False
Is 2366 a multiple of 26?
True
Does 20 divide 40457?
False
Is 14948 a multiple of 37?
True
Does 13 divide 2814?
False
Does 75 divide 1350?
True
Is 19 a factor of 6650?
True
Is 48 a factor of 13670?
False
Does 5 divide 4045?
True
Is 350 a multiple of 25?
True
Does 33 divide 528?
True
Is 104 a multiple of 13?
True
Is 10728 a multiple of 149?
True
Is 7817 a multiple of 3?
False
Is 573 a multiple of 50?
False
Is 21 a factor of 924?
True
Is 99 a factor of 17261?
False
Is 30 a factor of 525?
False
Is 11336 a multiple of 24?
False
Does 6 divide 70842?
True
Is 51 a factor of 1485?
False
Does 36 divide 864?
True
Does 33 divide 675?
False
Is 5 a factor of 90?
True
Is 23 a factor of 23161?
True
Is 1922 a multiple of 7?
False
Is 188 a multiple of 7?
False
Is 2 a factor of 1139?
False
Does 9 divide 21363?
False
Is 1921 a multiple of 17?
True
Is 302 a multiple of 36?
False
Is 4 a factor of 256?
True
Does 11 divide 352?
True
Does 18 divide 5004?
True
Is 680 a multiple of 17?
True
Does 59 divide 305?
False
Is 5135 a multiple of 65?
True
Is 3 a factor of 518?
False
Is 2766 a multiple of 3?
True
Is 52 a multiple of 13?
True
Is 22 a factor of 1610?
False
Does 102 divide 204?
True
Is 9 a factor of 342?
True
Does 18 divid